?
1
Evaluate 6 - (-2 - (-10 + 1)).
-1
Evaluate 9 - (7 + 3 + 2).
-3
-9 - (-14 - -10) - 4
-9
0 - 2 - ((24 - 16) + -5)
-5
Calculate -10 - (11 - (12 - -8)).
-1
Evaluate (-2 - (-4 - -4)) + 8 + -2.
4
Evaluate -7 + 15 + -11 + -1.
-4
Evaluate 4 + (-2 - (6 - 7)).
3
What is the value of ((1 - 1) + 1 - 7) + 5?
-1
Calculate (-15 - (-2 + -7)) + 0.
-6
-3 + 5 - (9 - 5)
-2
7 - (-2 - 9 - -10)
8
1 - (1 + 0) - (1 + -6)
5
Evaluate 0 + (-3 - (-2 + -2 - -4)).
-3
What is -4 + (2 - (-1 + 6) - -12)?
5
-4 + 2 + (1 - 1) + -1
-3
What is the value of 2 - (-2 + 7) - (1 - -3)?
-7
What is -1 - (1 - 7 - -4)?
1
Evaluate -7 + 5 - 0 - (1 + -1).
-2
What is the value of (-51 - -50) + (-2 - (-8 + 0))?
5
What is -2 - -1 - (2 + -4)?
1
What is (7 - (-1 - -6)) + 2?
4
Evaluate -4 + (-1 - -4) + -2.
-3
Calculate 4 - (9 - (1 + -2)).
-6
What is the value of (-3 - -6 - (-1 - -4)) + 1?
1
(-2 + -2 - -5) + 2
3
Calculate -4 + (2 - (1 + -1)).
-2
Calculate -11 + (10 + -2 - 5 - -5).
-3
What is -9 - -3 - (28 - 36)?
2
Evaluate -6 + 1 + (-8 + -6 - -16).
-3
What is -2 + -4 + (-6 - -7) + 2?
-3
What is the value of -1 + 3 - (-2 - 0)?
4
What is -4 + (-3 - 1 - -7) + 5?
4
4 - (-5 + (8 - 1))
2
What is (-3 - (-2 - 0)) + 3?
2
What is (3 - -1) + 0 + 5 + -8?
1
Evaluate -14 - (-2 + -7 + -5).
0
What is the value of (-1 - 2) + 2 - -2?
1
What is the value of 5 + -14 + 4 + 1?
-4
Calculate (-1 - -8) + -3 + 6 + -5.
5
10 + 1 + -4 + 3
10
8 - (-7 - (2 + -18))
-1
What is the value of 6 - (1 + 2 + 7 + -5)?
1
(-2 + -4 - (2 + -5)) + 0
-3
What is the value of -3 + (-3 - 2) + 22 + -15?
-1
What is the value of 0 + 3 + -2 - (3 - 4)?
2
What is the value of 5 + (-7 + 2 - 0)?
0
What is (15 + -15 - 2) + -4 + 1?
-5
What is 5 - ((-2 - -3) + 3)?
1
What is 6 + (-2 - 3) + 10 + -2?
9
Evaluate 4 - -1 - 1 - (10 - 2).
-4
Calculate -4 - ((-3 - -9) + -10 + -3).
3
2 + 0 + 1 + -3
0
Evaluate 2 - 2 - (5 - 1).
-4
Calculate -13 + 17 + 2 - (9 + -1).
-2
What is -3 + 5 + 3 + (-3 - 5)?
-3
-3 - ((-1 - -3) + 1 + -7)
1
Evaluate -3 + -2 + 3 + 0 + -1.
-3
-6 + (-10 - -15) + (2 - -1)
2
What is the value of -2 + -1 - (-18 - -11)?
4
What is -2 + 1 + (4 - (2 - -4))?
-3
Evaluate (0 - -5) + -1 + (0 - 1).
3
Calculate 2 - (2 - 4) - 3.
1
Calculate 1 + (2 - 1) - (21 - 19).
0
Calculate -10 + (8 - -1) + (1 - -1).
1
What is the value of -11 + (-3 - -4) + 17?
7
Evaluate 4 - (4 - 3 - 0).
3
What is the value of -1 + (7 - 4) - (-1 + 0)?
3
Calculate (11 - 1) + -9 + 3.
4
Evaluate -10 - (-18 + 8) - 4.
-4
What is -3 + -6 + 9 + -3?
-3
Calculate -17 + -2 + 22 + (1 - 0).
4
What is -12 + 1 + 7 - -1?
-3
2 - (1 + -1) - 4
-2
What is the value of 0 - (-9 - -7 - (3 + 1))?
6
Evaluate 3 - ((2 - 2) + 14 + -6).
-5
0 + 14 + -10 + 2
6
What is the value of (2 - (0 - 3)) + -6?
-1
What is the value of -1 + -7 + 5 + -1 + 0?
-4
Calculate (22 - 7) + -6 - 5.
4
Calculate 5 + -1 - (8 - (6 - 1)).
1
Evaluate 2 - (-6 + 4 + 3 - -1).
0
What is the value of -1 + (-3 - 2) + -33 + 38?
-1
Calculate (4 + 4 - 1) + -2.
5
Calculate -6 - 0 - (4 + -5 + -3).
-2
Evaluate -3 - -14 - (-5 + 15).
1
4 + (-3 - (0 - 5) - 3)
3
Calculate 5 - (0 + 0 + (-24 - -24)).
5
Calculate (10 - 14) + (1 - -2) + 6.
5
What is the value of 7 + -6 + (2 - 4) + 2?
1
What is (-5 - (4 + -1)) + 0 - 0?
-8
What is the value of 0 + 0 - (135 + -127)?
-8
Calculate 3 + -2 + -3 + 4.
2
What is the value of -9 + -3 + 2 - -5?
-5
What is -5 + 1 - (-4 - (3 - 2))?
1
What is the value of (-3 - (-19 - -6)) + -6?
4
Calculate 11 - (2 + (-10 - -18)).
1
Calculate -5 + (3 - 4) + 11.
5
Calculate (3 - (3 - 6)) + -12.
-6
Evaluate 8 + (-4 - (-2 + 1)).
5
Calculate -5 + -5 + 4 + 1.
-5
(149 - 158) + 3 + 1 + -3
-8
5 + (0 - ((-1 - -3) + -2))
5
Evaluate -29 - (13 + -37) - (-2 + 1).
-4
Evaluate 3 + (1 - (-3 - -1) - 5).
1
4 - (1 + -2) - (5 + 0)
0
-4 + (-2 + 12 - 13)
-7
-7 + 4 - (-7 + -1)
5
What is the value of -5 + 1 + 1 + -1?
-4
Evaluate (-10 - ((2 - 4) + -4)) + -2.
-6
Evaluate -4 - (1 - 1 - 0).
-4
What is 5 + -5 + (2 - (-2 + -1))?
5
Calculate -2 - (3 + (5 + -4 - 8)).
2
What is -12 + 1 - (34 - 44)?
-1
What is the value of 5 + -3 - (5 - (4 + 0))?
1
Evaluate 1 - (8 - 2) - (5 + -4).
-6
What is 3 + -1 - (0 + 3)?
-1
What is (3 - 3) + 13 + -10?
3
Calculate 8 - (-5 + 10) - 1.
2
What is -1 + 4 - (-2 - (0 - 2))?
3
What is the value of (2 - 4 - -11) + -9?
0
(-96 - -90) + (5 - (1 - 0))
-2
12 + (-4 - 3) - (10 - -3)
-8
What is the value of 10 - (13 + -6) - (0 - 4)?
7
-8 - (0 - (6 - 3 - -1))
-4
Evaluate 0 + 5 + -11 + -2 + 11.
3
5 + -1 - (-98 + 95)
7
Evaluate 11 - 3 - 8 - 6.
-6
Evaluate (3 - (10 + -5 - 5)) + -8.
-5
5 - (6 + -12 - (-8 + 4))
7
What is -4 + 4 + (7 + -4 - 4)?
-1
What is the value of -15 + 5 + (-4 - -23)?
9
Evaluate -2 - (1 + 3 + -6 + 4).
-4
Evaluate (-1 + -3 - -5) + -3 + 2.
0
What is the value of (-3 - -5) + 4 + -2?
4
Calculate 7 + -3 - (3 + -2) - -1.
4
Evaluate -6 + 8 + 2 + (-3 - -3).
4
What is 6 + (7 - 0) - (1 - -5)?
7
What is 5 + 2 + -1 - 10?
-4
3 - (-3 - (0 + 0 - 3))
3
0 + (-2 - -2 - -1)
1
6 - ((0 - -5) + (-2 - -3))
0
What is 3 + (-1 - 3) - (0 + -1)?
0
Calculate -4 - -1 - (-16 - -16).
-3
What is -2 + -7 + 10 - 3?
-2
Evaluate 1 - 3 - (-1 + -3 + 1).
1
-2 - (-3 + 0 - -2)
-1
Evaluate 81 + -82 - (1 + (-3 - -7)).
-6
0 + 8 + -5 - 5
-2
Evaluate -1 + 4 + -2 + 4 + -6.
-1
Calculate (-9 - -13) + (-4 - 0).
0
What is 14 + 0 + -16 - (0 + -10)?
8
Calculate -1 + -9 + 5 - -6.
1
Evaluate (2 - (-4 + 4)) + (-4 - -3).
1
0 + 0 - (-1 - (3 - 1))
3
-1 + 0 - (3 - 4)
0
What is the value of 1 + 1 - ((7 - 22) + 11)?
6
What is the value of (-2 + -2 - (-4 - 2)) + 3?
5
Evaluate -3 - (-1 + -6 + 4).
0
What is 20 - 15 - (8 + -1)?
-2
What is the value of 0 + (-4 - -5) + 0?
1
What is the value of (-4 - -1) + (5 - 0) - 2?
0
What is the value of 5 + (5 - (9 + 5))?
-4
What is 16 + (-9 - (5 - 6))?
8
Evaluate 2 + (1 - (-2 - -2) - 8).
-5
What is the value of -3 - (-2 - -2) - (-2 + 4)?
-5
What is -7 + 0 + -6 + 20 + -1?
6
What is the value of -7 + (-16 - -11) + (1 - -6)?
-5
4 + -9 + 4 - -1
0
Evaluate 11 - (7 + (-1 - -4)).
1
What is the value of (4 - (-10 + 10)) + (-1 - 4)?
-1
What is -2 - (1 + 4 + -5)?
-2
Evaluate 1 - (-8 - -1 - (-25 + 10)).
-7
Calculate (74 - 72) + (-4 - -2) + -1.
-1
Calculate 1 + (1 - -1) + -4.
-1
Calculate -2 - (-3 + -3 - -2).
2
What is 13 - 5 - (32 + -30)?
6
Calculate -5 + (-3 - 8 - -3) - -6.
-7
What is 0 + (-3 - -6) + -12 + 6?
-3
Evaluate -12 - -5 - (-6 - 1).
0
Calculate 5 + 2 - (11 + (-11 - -4)).
3
Calculate 2 + -8 - (15 - 18 - -2).
-5
Evaluate (-8 - -4 - (2 + -1)) + 2.
-3
(-2 + -4 - -3) + 5
2
Calculate -11 - (3 - 12 - 3).
1
Evaluate -4 - (-2 + 3 - -5 - 9).
-1
Evaluate -12 - (-1 - 6) - -8.
3
What is (7 - 2 - 4 - 5) + -1?
-5
What is 12 + 1 - (2 + (14 - 9))?
6
Evaluate (5 - -3) + 1 + -6 + -1.
2
Calculate (-4 - -18 - 8) + -12.
-6
What is the value of -6 - -3 - (16 - 4 - 6)?
-9
Evaluate 3 - (-3 + (-5 + 3 - -3)).
5
1 + (-1 + 3 - -3)
6
What is the value of -2 - 1 - (-2 - (4 - 3))?
0
What is 0 - 6 - (9 - 9 - 5)?
-1
What is the value of -2 - (-3 + 1) - -7 - 3?
4
What is -5 - (-9 - 1 - (12 - 15))?
2
What is 15 + -6 + -17 + (-2 - -6)?
-4
Evaluate (-1 - (3 + -2)) + -1.
-3
What is the value of -1 + 4 + 0 + -1 + 2?
4
Calculate 5 + -11 + -1 - (4 + -21).
10
4 - (0 - (2 + -4))
2
7 + -20 + (12 - 5)
-6
Calculate -3 + (8 - (-1 + 9) - 8).
-11
Evaluate 3 + (-19 - -9) - 0.
-7
What is 6 + (6 - 3 - 6)?
3
(-9 - -9 - 5) + (4 - 1)
-2
(-7 - -7) + -4 + 0
-4
Evaluate 3 + -5 + 7 - (8 - 1).
-2
(1 - 0) + (-4 - (-11 - -11))
-3
Evaluate (4 - 1 - (2 - 2)) + -5.
-2
15 - 6 - -1 - 10
0
What is the value of 11 + -6 + (0 - (3 + -2))?
4
9 + -6 + 3 + -3
3
Evaluate (-1 - -6) + -3 - 0.
2
What is the value of 0 + (4 - (3 + 2 + -2))?
1
-3 - (3 - (3 - 2))
-5
What is 1 - ((0 - -5) + (-9 - -5))?
0
What is 6 + -3 - (2 - -1)?
0
What is the value of (-38 - -35) + (1 - (-7 + 2))?
3
(-4 - (0 + -4)) + (-4 - -3)
-1
-1 + -9 + -4 + 9 - -15
10
What is (1 - 2) + (-2 - -4) + -1?
0
Evaluate (-1 - 3) + (1 - -4) - 5.
-4
What is the value of 4 - (5 - (0 + -6))?
-7
2 + (8 - 5) + -1
4
(4 - (4 + 3)) + -2
-5
Evaluate -11 + 1 - (-63 + 47).
6
Evaluate 2 + 3 + (-3 - 6).
-4
Evaluate -4 + (16 - 4) + -6 + 0.
2
1 + (2 - 2) + -3
-2
What is the value of (0 - (2 + -4)) + -5?
-3
Calculate 15 - 4 - (-5 + 14).
2
-5 + 2 - (-1 + (-3 - -5))
-4
57 + -58 + 2 + -5 + 0
-4
What is the value of 1 - 0 - -1 - (13 - 15)?
4
Calculate -5 + 3 + -5 + 4 + -2.
-5
What is the value of -4 - (1 + 1 